1
List the prime factors of 1004481990.
2, 3, 5, 23, 29, 577
List the prime factors of 353320459.
83, 479, 8887
What are the prime factors of 363508820?
2, 5, 1151, 15791
List the prime factors of 131019910.
2, 5, 7, 1871713
List the prime factors of 595381511.
19, 31335869
List the prime factors of 243819360.
2, 3, 5, 169319
What are the prime factors of 88524446?
2, 173, 255851
List the prime factors of 503625147.
3, 167875049
What are the prime factors of 117542180?
2, 5, 7, 277, 433
List the prime factors of 1833540551.
107, 953, 17981
What are the prime factors of 40428743?
31, 661, 1973
List the prime factors of 27185335.
5, 157, 34631
What are the prime factors of 10789301?
10789301
List the prime factors of 685451953.
79, 101, 271, 317
List the prime factors of 52861641.
3, 7, 37, 9719
List the prime factors of 3196674333.
3, 355186037
List the prime factors of 211450261.
11, 19222751
What are the prime factors of 65506373?
2687, 24379
List the prime factors of 29679134.
2, 14839567
List the prime factors of 67666408.
2, 71, 119131
List the prime factors of 5095506233.
29833, 170801
What are the prime factors of 605071063?
605071063
List the prime factors of 39020634.
2, 3, 2167813
List the prime factors of 149840795.
5, 13, 103, 22381
List the prime factors of 96324441.
3, 32108147
List the prime factors of 45960176.
2, 677, 4243
What are the prime factors of 41859548?
2, 31, 89, 3793
What are the prime factors of 41699744?
2, 1303117
List the prime factors of 21181661.
911, 23251
What are the prime factors of 178047552?
2, 3, 37, 71, 353
What are the prime factors of 13041041?
13, 557, 1801
List the prime factors of 4922980651.
23, 13907, 15391
List the prime factors of 737253797.
7, 47, 53, 42281
What are the prime factors of 59287591?
11, 5389781
List the prime factors of 874538913.
3, 23, 12674477
List the prime factors of 87465701.
7129, 12269
List the prime factors of 82336598.
2, 41168299
List the prime factors of 3450688957.
31, 3877, 28711
List the prime factors of 159125567.
37, 4300691
What are the prime factors of 2088830168?
2, 261103771
List the prime factors of 1093315888.
2, 7, 9761749
List the prime factors of 672543576.
2, 3, 1613, 5791
What are the prime factors of 565213095?
3, 5, 163, 251, 307
List the prime factors of 37062132.
2, 3, 47, 65713
What are the prime factors of 167852380?
2, 5, 8392619
What are the prime factors of 1019345158?
2, 13, 1117, 35099
What are the prime factors of 1434696721?
10103, 142007
What are the prime factors of 493087838?
2, 229, 1076611
List the prime factors of 41532145.
5, 8306429
List the prime factors of 66524578.
2, 33262289
List the prime factors of 757913076.
2, 3, 131, 160711
List the prime factors of 35962524.
2, 3, 13, 23, 257
List the prime factors of 29496438.
2, 3, 31, 52861
What are the prime factors of 1562222537?
23, 67922719
What are the prime factors of 351140067?
3, 39015563
What are the prime factors of 244840340?
2, 5, 12242017
What are the prime factors of 30473262?
2, 3, 1692959
List the prime factors of 5344201753.
11, 17, 227, 125897
What are the prime factors of 18773442?
2, 3, 857, 1217
List the prime factors of 279007320.
2, 3, 5, 2325061
List the prime factors of 200093731.
19, 10531249
What are the prime factors of 143821201?
143821201
What are the prime factors of 294141711?
3, 71, 1380947
What are the prime factors of 17870996?
2, 11, 13, 157, 199
What are the prime factors of 37346703?
3, 1171, 10631
What are the prime factors of 36694310?
2, 5, 47, 101, 773
What are the prime factors of 371413706?
2, 23, 8074211
What are the prime factors of 1115539831?
7, 151, 150769
List the prime factors of 2791010126.
2, 1395505063
List the prime factors of 994400941.
17, 1187, 49279
List the prime factors of 240846910.
2, 5, 61, 67, 71, 83
List the prime factors of 1025677790.
2, 5, 61, 307, 5477
List the prime factors of 17770244.
2, 19, 73, 3203
List the prime factors of 66870327.
3, 22290109
What are the prime factors of 1110263720?
2, 5, 27756593
List the prime factors of 230204690.
2, 5, 23020469
What are the prime factors of 2113769554?
2, 13, 81298829
What are the prime factors of 65296605?
3, 5, 11, 395737
What are the prime factors of 51194738?
2, 7, 61, 151, 397
What are the prime factors of 948929630?
2, 5, 11, 17, 23, 22063
List the prime factors of 3038886947.
277, 10970711
What are the prime factors of 67175165?
5, 19, 29, 37, 659
List the prime factors of 1021526672.
2, 433, 147449
List the prime factors of 102194546.
2, 3061, 16693
List the prime factors of 37248783.
3, 11, 13, 6679
List the prime factors of 37677125.
5, 73, 4129
List the prime factors of 223564634.
2, 61, 1832497
List the prime factors of 34202690.
2, 5, 73, 46853
What are the prime factors of 5335724399?
5693, 937243
What are the prime factors of 160511536?
2, 2339, 4289
What are the prime factors of 2275365740?
2, 5, 113, 1006799
What are the prime factors of 62102203?
19, 3268537
What are the prime factors of 342938537?
137, 2503201
What are the prime factors of 7569202015?
5, 83, 18239041
List the prime factors of 753830707.
7, 107690101
List the prime factors of 125087395.
5, 157, 159347
List the prime factors of 1543116701.
7, 139, 1585937
List the prime factors of 175326313.
37, 4738549
What are the prime factors of 8353425729?
3, 11, 23, 2953, 3727
List the prime factors of 52659488.
2, 7, 19, 12373
List the prime factors of 123715948.
2, 1249, 24763
List the prime factors of 32439150.
2, 3, 5, 24029
List the prime factors of 1120693866.
2, 3, 7417, 25183
What are the prime factors of 197335837?
23, 37, 67, 3461
What are the prime factors of 171826400?
2, 5, 214783
List the prime factors of 247036494.
2, 3, 37, 1112777
List the prime factors of 141753500.
2, 5, 7, 101, 401
List the prime factors of 88892669.
2377, 37397
List the prime factors of 419435173.
383, 401, 2731
List the prime factors of 4953848730.
2, 3, 5, 29, 163, 181, 193
List the prime factors of 920714822.
2, 79, 5827309
What are the prime factors of 92336790?
2, 3, 5, 7, 13, 149, 227
What are the prime factors of 63145348?
2, 7, 2255191
What are the prime factors of 133811870?
2, 5, 19, 101, 367
List the prime factors of 1408864886.
2, 11, 13, 4926101
List the prime factors of 624053421.
3, 73, 949853
List the prime factors of 194062028.
2, 71, 683317
List the prime factors of 994046269.
23, 233, 185491
What are the prime factors of 2350294874?
2, 167, 7036811
What are the prime factors of 97073972?
2, 24268493
List the prime factors of 489904081.
59, 8303459
What are the prime factors of 14129804?
2, 13, 281, 967
What are the prime factors of 615597132?
2, 3, 17, 31, 311, 313
List the prime factors of 324843466.
2, 53, 3064561
What are the prime factors of 887440432?
2, 55465027
List the prime factors of 899212252.
2, 224803063
List the prime factors of 324433476.
2, 3, 31, 290711
What are the prime factors of 9514188042?
2, 3, 3251, 487757
List the prime factors of 3082081049.
3082081049
List the prime factors of 1878911925.
3, 5, 11, 2277469
What are the prime factors of 175592588?
2, 43898147
List the prime factors of 60452665.
5, 7, 13, 132863
What are the prime factors of 4012276?
2, 601, 1669
List the prime factors of 62262332.
2, 11, 149, 9497
What are the prime factors of 59175462?
2, 3, 19, 519083
List the prime factors of 271760180.
2, 5, 23, 601, 983
List the prime factors of 54087622.
2, 31, 872381
What are the prime factors of 138193567?
31, 4457857
What are the prime factors of 293049602?
2, 743, 197207
List the prime factors of 12995803.
17, 764459
List the prime factors of 63254438.
2, 13, 61, 39883
What are the prime factors of 7822340508?
2, 3, 19, 34308511
List the prime factors of 1212635136.
2, 3, 197369
What are the prime factors of 15896996?
2, 19, 101, 109
List the prime factors of 38561774.
2, 19280887
What are the prime factors of 1837674311?
11, 3257, 4663
List the prime factors of 7908148.
2, 883, 2239
List the prime factors of 532835182.
2, 11, 17, 53, 26881
List the prime factors of 8321539.
8321539
What are the prime factors of 8167282?
2, 41, 103, 967
List the prime factors of 7895063.
11, 149, 4817
List the prime factors of 666424601.
19, 1289, 27211
What are the p